{"id":55,"date":"2018-05-25T08:22:31","date_gmt":"2018-05-25T06:22:31","guid":{"rendered":"http:\/\/beatkom.pl\/index.php\/cookie-policy\/"},"modified":"2018-07-29T18:09:22","modified_gmt":"2018-07-29T16:09:22","slug":"cookie-policy","status":"publish","type":"page","link":"https:\/\/beatkom.pl\/?page_id=55","title":{"rendered":"Polityka prywatno\u015bci"},"content":{"rendered":"<p><strong>Polityka prywatno\u015bci<\/strong><br \/>\nPoni\u017csza Polityka Prywatno\u015bci opisuje kwestie zwi\u0105zane z korzystaniem z portalu <a href=\"https:\/\/www.beatkom.pl\">www.beatkom.pl<\/a>.<\/p>\n<p>Rozdzia\u0142 \u201ePliki Cookies\u201d dotyczy wszystkich korzystaj\u0105cych z portalu <a href=\"http:\/\/www.beatkom.pl\">beatkom.pl<\/a>, a rozdzia\u0142 \u201eDane Osobowe\u201d dotyczy wy\u0142\u0105cznie os\u00f3b, kt\u00f3rych dane osobowe s\u0105 przetwarzane przez Administratora Portalu (w tym odbiorc\u00f3w wiadomo\u015bci Newsletter).<\/p>\n<p><strong>Pliki Cookies<\/strong><\/p>\n<p>1. Dla Pa\u0144stwa wygody strona www.beatkom.pl, zwana dalej portalem, u\u017cywa plik\u00f3w cookies i podobnych technologii m.in. po to, by dostosowa\u0107 serwis do potrzeb u\u017cytkownik\u00f3w i w celach statystycznych. Pliki Cookies to niewielkie pliki tekstowe wysy\u0142ane przez serwis internetowy, kt\u00f3ry odwiedza internauta, do urz\u0105dzenia internauty.<\/p>\n<p>2. Cookies u\u017cywaj\u0105 te\u017c serwisy, do kt\u00f3rych si\u0119 odwo\u0142ujemy pokazuj\u0105c np. multimedia. W przegl\u0105darce internetowej mo\u017cna zmieni\u0107 ustawienia dotycz\u0105ce Cookies. Brak zmiany tych ustawie\u0144 oznacza akceptacj\u0119 dla stosowanych tu Cookies.<\/p>\n<p>3. Portal stosuje Cookies wydajno\u015bciowe, czyli s\u0142u\u017c\u0105ce do zbierania informacji o sposobie korzystania ze strony, by lepiej dzia\u0142a\u0142a, oraz funkcjonalne, czyli pozwalaj\u0105ce \u201epami\u0119ta\u0107\u201d o ustawieniach u\u017cytkownika (np. j\u0119zyk, rozmiar czcionki).<\/p>\n<p>4. Poziom ochrony przed Cookies ustawia si\u0119 w ka\u017cdej przegl\u0105darce, a\u017c do ca\u0142kowitego blokowania plik\u00f3w Cookies. Zwi\u0119ksza to poziom bezpiecze\u0144stwa i ochrony danych, ale mo\u017ce tak\u017ce uniemo\u017cliwia\u0107 niekt\u00f3re funkcje, np. zalogowanie si\u0119 na konto pocztowe.<\/p>\n<p><strong>Dane osobowe<\/strong><\/p>\n<p>1. Administratorem Pa\u0144stwa danych osobowych w rozumieniu Rozporz\u0105dzenia Parlamentu Europejskiego i Rady (UE) 2016\/679 UE z dnia 27 kwietnia 2016 r. (dalej: \u201eRODO\u201d),<br \/>\npo zarejestrowaniu w serwisie oraz w zwi\u0105zku z korzystaniem z jego funkcjonalno\u015bci jest BEATKOM Beata Rybaczewska z siedzib\u0105 w Lipnie (87-600), przy ul. Szkolna 15A.<\/p>\n<p>2. Pa\u0144stwa dane osobowe b\u0119d\u0105 przetwarzane przez Administratora, w szczeg\u00f3lno\u015bci w nast\u0119puj\u0105cych celach:<\/p>\n<p>zawarcia i realizacji umowy o \u015bwiadczenie us\u0142ug drog\u0105 elektroniczn\u0105 na warunkach opisanych w \u201eRegulaminie Portalu\u201d,<br \/>\nprzesy\u0142ania wiadomo\u015bci zawieraj\u0105cych informacje handlowe,<br \/>\numo\u017cliwienia kontaktu z Administratorem za po\u015brednictwem formularzy kontaktowych,<br \/>\nobrony przed ewentualnymi roszczeniami,<br \/>\nanalitycznym i statystycznym.<br \/>\n4. Dane b\u0119d\u0105 przekazane podmiotom przetwarzaj\u0105cym je na nasze zlecenie na podstawie um\u00f3w z Administratorem, ale tylko w celu i zakresie niezb\u0119dnym dla realizacji ww. cel\u00f3w, w tym m.in. podmiotom \u015bwiadcz\u0105cym na nasz\u0105 rzecz us\u0142ugi IT lub inne us\u0142ugi zapewniaj\u0105ce prawid\u0142owe funkcjonowanie strony www.beatkom.pl, przy czym takie podmioty przetwarzaj\u0105 dane wy\u0142\u0105cznie zgodnie z poleceniami Administratora.<\/p>\n<p>5. Poza wymienionymi podmiotami Twoje dane mog\u0105 zosta\u0107 udost\u0119pnione wy\u0142\u0105cznie podmiotom upowa\u017cnionym do tego na podstawie przepis\u00f3w prawa krajowego lub unijnego. Administrator serwisu do\u0142o\u017cy\u0142 nale\u017cytej staranno\u015bci w celu odpowiedniego zabezpieczenia przekazanych danych osobowych, a w szczeg\u00f3lno\u015bci przed ich udost\u0119pnieniem osobom nieupowa\u017cnionym.<\/p>\n<p>6. Pa\u0144stwa dane osobowe b\u0119d\u0105 przetwarzane wy\u0142\u0105cznie przez czas niezb\u0119dny do osi\u0105gni\u0119cia celu przetwarzania lub do odwo\u0142ania przez Pa\u0144stwa zgody. Administrator zastrzega sobie prawo do przetwarzania danych przez okres do 3 miesi\u0119cy od momentu osi\u0105gni\u0119cia cel\u00f3w w zwi\u0105zku z realizacj\u0105 w\u0142asnych cel\u00f3w analitycznych i statystycznych.<\/p>\n<p>7. Pa\u0144stwa dane osobowe mog\u0105 by\u0107 przetwarzane na podstawie:<\/p>\n<p>a) zgody (art. 6 ust. 1 lit. a RODO), w szczeg\u00f3lno\u015bci w celach marketingowych,<\/p>\n<p>b) w zwi\u0105zku z wykonaniem umowy, kt\u00f3rej stron\u0105 jest osoba, kt\u00f3rej dane dotycz\u0105, lub do podj\u0119cia dzia\u0142a\u0144 na \u017c\u0105danie osoby, kt\u00f3rej dane dotycz\u0105, przed zawarciem umowy (art. 6 ust. 1 lit. b RODO), w szczeg\u00f3lno\u015bci w przypadku zam\u00f3wienia us\u0142ugi Newsletter lub w zwi\u0105zku z korzystaniem z funkcjonalno\u015bci portalu www.beatkom.pl opisanych w Regulaminie Portalu;<\/p>\n<p>c) spe\u0142nienie zobowi\u0105zania wynikaj\u0105cego z przepis\u00f3w prawa zar\u00f3wno krajowego jak i unijnego zgodnie z art. 6 ust. 1 lit. c RODO;<\/p>\n<p>d) do cel\u00f3w wynikaj\u0105cych z prawnie uzasadnionych interes\u00f3w realizowanych przez Administratora, w tym udzielenia odpowiedzi na pytania przes\u0142ane za po\u015brednictwem zak\u0142adki \u201eKontakt\u201d oraz w celach statystycznych i analitycznych Administratora, gdzie uzasadnionym interesem Administratora jest mo\u017cliwo\u015b\u0107 dokonywania analiz i statystyk prowadzonych przez niego dzia\u0142a\u0144 wynikaj\u0105ca z art. 6 ust. 1 lit f) RODO, a tak\u017ce dla cel\u00f3w obrony przed ewentualnymi roszczeniami na zasadzie prawnie uzasadnionego interesu Administratora gdzie uzasadnionym interesem Administratora jest obrona Administratora przed roszczeniami os\u00f3b trzecich.<\/p>\n<p>8. W ka\u017cdej chwili istnieje mo\u017cliwo\u015b\u0107 wycofania zg\u00f3d wyra\u017conych w serwisie, w tym zgody na przetwarzanie danych w celach marketingowych. Odwo\u0142anie zgody na przetwarzanie nie b\u0119dzie mia\u0142o wp\u0142ywu na zgodno\u015b\u0107 z prawem przetwarzania, kt\u00f3rego dokonano przed jej wycofaniem.<\/p>\n<p>9. Maj\u0105 Pa\u0144stwo prawo \u017c\u0105dania dost\u0119pu do danych, sprostowania, usuni\u0119cia, przenoszenia lub ograniczenia ich przetwarzania, a tak\u017ce prawo do wniesienia sprzeciwu wobec przetwarzania.<br \/>\nJe\u015bli chc\u0105 Pa\u0144stwo skorzysta\u0107 z przys\u0142uguj\u0105cych Pa\u0144stwu praw prosimy o przes\u0142anie do nas wiadomo\u015bci na adres: biuro@beatkom.pl<\/p>\n<p>10. Bezpiecze\u0144stwo danych osobowych jest dla nas priorytetem, je\u015bli jednak uznaj\u0105 Pa\u0144stwo, \u017ce przetwarzaj\u0105c Pa\u0144stwu dane osobowe naruszamy przepisy RODO, masz prawo wniesienia skargi do Prezesa Urz\u0119du Ochrony Danych Osobowych.<\/p>\n<p><strong>Zgoda na cookies:<\/strong><\/p>\n<p>Ta strona wykorzystuje pliki cookies. Korzystaj\u0105c z naszej strony, wyra\u017casz zgod\u0119 na wykorzystywanie przez nas plik\u00f3w cookies w celu zapewnienia Ci wygody podczas przegl\u0105dania naszego serwisu. Ustawienia tych plik\u00f3w mo\u017cna zmieni\u0107 w ka\u017cdej chwili za pomoc\u0105 ustawie\u0144 przegl\u0105darki.<\/p>\n","protected":false},"excerpt":{"rendered":"<p>Polityka prywatno\u015bci Poni\u017csza Polityka Prywatno\u015bci opisuje kwestie zwi\u0105zane z korzystaniem z portalu www.beatkom.pl. Rozdzia\u0142 \u201ePliki Cookies\u201d dotyczy wszystkich korzystaj\u0105cych z portalu beatkom.pl, a rozdzia\u0142 \u201eDane Osobowe\u201d dotyczy wy\u0142\u0105cznie os\u00f3b, kt\u00f3rych dane osobowe s\u0105 przetwarzane przez Administratora Portalu (w tym odbiorc\u00f3w wiadomo\u015bci Newsletter). Pliki Cookies 1. Dla Pa\u0144stwa wygody strona www.beatkom.pl, zwana dalej portalem, u\u017cywa plik\u00f3w &hellip; <\/p>\n<p class=\"link-more\"><a href=\"https:\/\/beatkom.pl\/?page_id=55\" class=\"more-link\">Czytaj dalej<span class=\"screen-reader-text\"> \u201ePolityka prywatno\u015bci\u201d<\/span><\/a><\/p>\n","protected":false},"author":1,"featured_media":0,"parent":0,"menu_order":0,"comment_status":"closed","ping_status":"closed","template":"","meta":{"footnotes":""},"class_list":["post-55","page","type-page","status-publish","hentry"],"yoast_head":"<!-- This site is optimized with the Yoast SEO plugin v27.5 - https:\/\/yoast.com\/product\/yoast-seo-wordpress\/ -->\n<title>Polityka prywatno\u015bci - INTERNET - AUTOMATYKA - KLIMATYZACJA - POMPY CIEP\u0141A<\/title>\n<meta name=\"robots\" content=\"index, follow, max-snippet:-1, max-image-preview:large, max-video-preview:-1\" \/>\n<link rel=\"canonical\" href=\"https:\/\/beatkom.pl\/?page_id=55\" \/>\n<meta property=\"og:locale\" content=\"pl_PL\" \/>\n<meta property=\"og:type\" content=\"article\" \/>\n<meta property=\"og:title\" content=\"Polityka prywatno\u015bci - INTERNET - AUTOMATYKA - KLIMATYZACJA - POMPY CIEP\u0141A\" \/>\n<meta property=\"og:description\" content=\"Polityka prywatno\u015bci Poni\u017csza Polityka Prywatno\u015bci opisuje kwestie zwi\u0105zane z korzystaniem z portalu www.beatkom.pl. Rozdzia\u0142 \u201ePliki Cookies\u201d dotyczy wszystkich korzystaj\u0105cych z portalu beatkom.pl, a rozdzia\u0142 \u201eDane Osobowe\u201d dotyczy wy\u0142\u0105cznie os\u00f3b, kt\u00f3rych dane osobowe s\u0105 przetwarzane przez Administratora Portalu (w tym odbiorc\u00f3w wiadomo\u015bci Newsletter). Pliki Cookies 1. Dla Pa\u0144stwa wygody strona www.beatkom.pl, zwana dalej portalem, u\u017cywa plik\u00f3w &hellip; Czytaj dalej \u201ePolityka prywatno\u015bci\u201d\" \/>\n<meta property=\"og:url\" content=\"https:\/\/beatkom.pl\/?page_id=55\" \/>\n<meta property=\"og:site_name\" content=\"INTERNET - AUTOMATYKA - KLIMATYZACJA - POMPY CIEP\u0141A\" \/>\n<meta property=\"article:publisher\" content=\"https:\/\/www.facebook.com\/beatkom\/\" \/>\n<meta property=\"article:modified_time\" content=\"2018-07-29T16:09:22+00:00\" \/>\n<meta name=\"twitter:card\" content=\"summary_large_image\" \/>\n<meta name=\"twitter:label1\" content=\"Szacowany czas czytania\" \/>\n\t<meta name=\"twitter:data1\" content=\"4 minuty\" \/>\n<script type=\"application\/ld+json\" class=\"yoast-schema-graph\">{\"@context\":\"https:\\\/\\\/schema.org\",\"@graph\":[{\"@type\":\"WebPage\",\"@id\":\"https:\\\/\\\/beatkom.pl\\\/?page_id=55\",\"url\":\"https:\\\/\\\/beatkom.pl\\\/?page_id=55\",\"name\":\"Polityka prywatno\u015bci - INTERNET - AUTOMATYKA - KLIMATYZACJA - POMPY CIEP\u0141A\",\"isPartOf\":{\"@id\":\"https:\\\/\\\/beatkom.pl\\\/#website\"},\"datePublished\":\"2018-05-25T06:22:31+00:00\",\"dateModified\":\"2018-07-29T16:09:22+00:00\",\"breadcrumb\":{\"@id\":\"https:\\\/\\\/beatkom.pl\\\/?page_id=55#breadcrumb\"},\"inLanguage\":\"pl-PL\",\"potentialAction\":[{\"@type\":\"ReadAction\",\"target\":[\"https:\\\/\\\/beatkom.pl\\\/?page_id=55\"]}]},{\"@type\":\"BreadcrumbList\",\"@id\":\"https:\\\/\\\/beatkom.pl\\\/?page_id=55#breadcrumb\",\"itemListElement\":[{\"@type\":\"ListItem\",\"position\":1,\"name\":\"Strona g\u0142\u00f3wna\",\"item\":\"https:\\\/\\\/beatkom.pl\\\/\"},{\"@type\":\"ListItem\",\"position\":2,\"name\":\"Polityka prywatno\u015bci\"}]},{\"@type\":\"WebSite\",\"@id\":\"https:\\\/\\\/beatkom.pl\\\/#website\",\"url\":\"https:\\\/\\\/beatkom.pl\\\/\",\"name\":\"INTERNET - AUTOMATYKA - KLIMATYZACJA - POMPY CIEP\u0141A\",\"description\":\"tel. 542-873-472; 502-424-272\",\"publisher\":{\"@id\":\"https:\\\/\\\/beatkom.pl\\\/#organization\"},\"potentialAction\":[{\"@type\":\"SearchAction\",\"target\":{\"@type\":\"EntryPoint\",\"urlTemplate\":\"https:\\\/\\\/beatkom.pl\\\/?s={search_term_string}\"},\"query-input\":{\"@type\":\"PropertyValueSpecification\",\"valueRequired\":true,\"valueName\":\"search_term_string\"}}],\"inLanguage\":\"pl-PL\"},{\"@type\":\"Organization\",\"@id\":\"https:\\\/\\\/beatkom.pl\\\/#organization\",\"name\":\"beatkom\",\"url\":\"https:\\\/\\\/beatkom.pl\\\/\",\"logo\":{\"@type\":\"ImageObject\",\"inLanguage\":\"pl-PL\",\"@id\":\"https:\\\/\\\/beatkom.pl\\\/#\\\/schema\\\/logo\\\/image\\\/\",\"url\":\"https:\\\/\\\/beatkom.pl\\\/wp-content\\\/uploads\\\/2018\\\/05\\\/beatkom_logo-1-e1526473632559.png\",\"contentUrl\":\"https:\\\/\\\/beatkom.pl\\\/wp-content\\\/uploads\\\/2018\\\/05\\\/beatkom_logo-1-e1526473632559.png\",\"width\":550,\"height\":108,\"caption\":\"beatkom\"},\"image\":{\"@id\":\"https:\\\/\\\/beatkom.pl\\\/#\\\/schema\\\/logo\\\/image\\\/\"},\"sameAs\":[\"https:\\\/\\\/www.facebook.com\\\/beatkom\\\/\",\"https:\\\/\\\/www.youtube.com\\\/user\\\/beatkom\"]}]}<\/script>\n<!-- \/ Yoast SEO plugin. -->","yoast_head_json":{"title":"Polityka prywatno\u015bci - INTERNET - AUTOMATYKA - KLIMATYZACJA - POMPY CIEP\u0141A","robots":{"index":"index","follow":"follow","max-snippet":"max-snippet:-1","max-image-preview":"max-image-preview:large","max-video-preview":"max-video-preview:-1"},"canonical":"https:\/\/beatkom.pl\/?page_id=55","og_locale":"pl_PL","og_type":"article","og_title":"Polityka prywatno\u015bci - INTERNET - AUTOMATYKA - KLIMATYZACJA - POMPY CIEP\u0141A","og_description":"Polityka prywatno\u015bci Poni\u017csza Polityka Prywatno\u015bci opisuje kwestie zwi\u0105zane z korzystaniem z portalu www.beatkom.pl. Rozdzia\u0142 \u201ePliki Cookies\u201d dotyczy wszystkich korzystaj\u0105cych z portalu beatkom.pl, a rozdzia\u0142 \u201eDane Osobowe\u201d dotyczy wy\u0142\u0105cznie os\u00f3b, kt\u00f3rych dane osobowe s\u0105 przetwarzane przez Administratora Portalu (w tym odbiorc\u00f3w wiadomo\u015bci Newsletter). Pliki Cookies 1. Dla Pa\u0144stwa wygody strona www.beatkom.pl, zwana dalej portalem, u\u017cywa plik\u00f3w &hellip; Czytaj dalej \u201ePolityka prywatno\u015bci\u201d","og_url":"https:\/\/beatkom.pl\/?page_id=55","og_site_name":"INTERNET - AUTOMATYKA - KLIMATYZACJA - POMPY CIEP\u0141A","article_publisher":"https:\/\/www.facebook.com\/beatkom\/","article_modified_time":"2018-07-29T16:09:22+00:00","twitter_card":"summary_large_image","twitter_misc":{"Szacowany czas czytania":"4 minuty"},"schema":{"@context":"https:\/\/schema.org","@graph":[{"@type":"WebPage","@id":"https:\/\/beatkom.pl\/?page_id=55","url":"https:\/\/beatkom.pl\/?page_id=55","name":"Polityka prywatno\u015bci - INTERNET - AUTOMATYKA - KLIMATYZACJA - POMPY CIEP\u0141A","isPartOf":{"@id":"https:\/\/beatkom.pl\/#website"},"datePublished":"2018-05-25T06:22:31+00:00","dateModified":"2018-07-29T16:09:22+00:00","breadcrumb":{"@id":"https:\/\/beatkom.pl\/?page_id=55#breadcrumb"},"inLanguage":"pl-PL","potentialAction":[{"@type":"ReadAction","target":["https:\/\/beatkom.pl\/?page_id=55"]}]},{"@type":"BreadcrumbList","@id":"https:\/\/beatkom.pl\/?page_id=55#breadcrumb","itemListElement":[{"@type":"ListItem","position":1,"name":"Strona g\u0142\u00f3wna","item":"https:\/\/beatkom.pl\/"},{"@type":"ListItem","position":2,"name":"Polityka prywatno\u015bci"}]},{"@type":"WebSite","@id":"https:\/\/beatkom.pl\/#website","url":"https:\/\/beatkom.pl\/","name":"INTERNET - AUTOMATYKA - KLIMATYZACJA - POMPY CIEP\u0141A","description":"tel. 542-873-472; 502-424-272","publisher":{"@id":"https:\/\/beatkom.pl\/#organization"},"potentialAction":[{"@type":"SearchAction","target":{"@type":"EntryPoint","urlTemplate":"https:\/\/beatkom.pl\/?s={search_term_string}"},"query-input":{"@type":"PropertyValueSpecification","valueRequired":true,"valueName":"search_term_string"}}],"inLanguage":"pl-PL"},{"@type":"Organization","@id":"https:\/\/beatkom.pl\/#organization","name":"beatkom","url":"https:\/\/beatkom.pl\/","logo":{"@type":"ImageObject","inLanguage":"pl-PL","@id":"https:\/\/beatkom.pl\/#\/schema\/logo\/image\/","url":"https:\/\/beatkom.pl\/wp-content\/uploads\/2018\/05\/beatkom_logo-1-e1526473632559.png","contentUrl":"https:\/\/beatkom.pl\/wp-content\/uploads\/2018\/05\/beatkom_logo-1-e1526473632559.png","width":550,"height":108,"caption":"beatkom"},"image":{"@id":"https:\/\/beatkom.pl\/#\/schema\/logo\/image\/"},"sameAs":["https:\/\/www.facebook.com\/beatkom\/","https:\/\/www.youtube.com\/user\/beatkom"]}]}},"_links":{"self":[{"href":"https:\/\/beatkom.pl\/index.php?rest_route=\/wp\/v2\/pages\/55","targetHints":{"allow":["GET"]}}],"collection":[{"href":"https:\/\/beatkom.pl\/index.php?rest_route=\/wp\/v2\/pages"}],"about":[{"href":"https:\/\/beatkom.pl\/index.php?rest_route=\/wp\/v2\/types\/page"}],"author":[{"embeddable":true,"href":"https:\/\/beatkom.pl\/index.php?rest_route=\/wp\/v2\/users\/1"}],"replies":[{"embeddable":true,"href":"https:\/\/beatkom.pl\/index.php?rest_route=%2Fwp%2Fv2%2Fcomments&post=55"}],"version-history":[{"count":2,"href":"https:\/\/beatkom.pl\/index.php?rest_route=\/wp\/v2\/pages\/55\/revisions"}],"predecessor-version":[{"id":59,"href":"https:\/\/beatkom.pl\/index.php?rest_route=\/wp\/v2\/pages\/55\/revisions\/59"}],"wp:attachment":[{"href":"https:\/\/beatkom.pl\/index.php?rest_route=%2Fwp%2Fv2%2Fmedia&parent=55"}],"curies":[{"name":"wp","href":"https:\/\/api.w.org\/{rel}","templated":true}]}}