{"id":33,"date":"2018-05-16T12:40:45","date_gmt":"2018-05-16T12:40:45","guid":{"rendered":"http:\/\/beatkom.pl\/?page_id=33"},"modified":"2026-03-01T21:02:24","modified_gmt":"2026-03-01T19:02:24","slug":"internet","status":"publish","type":"page","link":"https:\/\/beatkom.pl\/","title":{"rendered":"Internet i telewizja cyfrowa"},"content":{"rendered":"<p style=\"text-align: center;\"><strong>Oferta na dost\u0119p do Internetu \u015bwiat\u0142owodowego:<\/strong><\/p>\n<p style=\"text-align: center;\"><a href=\"https:\/\/beatkom.pl\/?attachment_id=257\" rel=\"attachment wp-att-208\"><img loading=\"lazy\" decoding=\"async\" class=\"aligncenter wp-image-257 size-large\" src=\"https:\/\/beatkom.pl\/wp-content\/uploads\/2025\/01\/Beatkom_internet-722x1024.jpg\" alt=\"\" width=\"525\" height=\"745\" srcset=\"https:\/\/beatkom.pl\/wp-content\/uploads\/2025\/01\/Beatkom_internet-722x1024.jpg 722w, https:\/\/beatkom.pl\/wp-content\/uploads\/2025\/01\/Beatkom_internet-211x300.jpg 211w, https:\/\/beatkom.pl\/wp-content\/uploads\/2025\/01\/Beatkom_internet-768x1090.jpg 768w, https:\/\/beatkom.pl\/wp-content\/uploads\/2025\/01\/Beatkom_internet-1083x1536.jpg 1083w, https:\/\/beatkom.pl\/wp-content\/uploads\/2025\/01\/Beatkom_internet-1444x2048.jpg 1444w, https:\/\/beatkom.pl\/wp-content\/uploads\/2025\/01\/Beatkom_internet.jpg 1748w\" sizes=\"auto, (max-width: 525px) 100vw, 525px\" \/><\/a><\/p>\n<p style=\"text-align: center;\"><strong>Oferta specjalna na czas nieokre\u015blony:<\/strong><\/p>\n<p style=\"text-align: center;\"><a href=\"https:\/\/beatkom.pl\/?attachment_id=283\" rel=\"attachment wp-att-283\"><img loading=\"lazy\" decoding=\"async\" class=\"aligncenter size-large wp-image-283\" src=\"https:\/\/beatkom.pl\/wp-content\/uploads\/2026\/03\/bezumowy-683x1024.jpg\" alt=\"\" width=\"525\" height=\"787\" srcset=\"https:\/\/beatkom.pl\/wp-content\/uploads\/2026\/03\/bezumowy-683x1024.jpg 683w, https:\/\/beatkom.pl\/wp-content\/uploads\/2026\/03\/bezumowy-200x300.jpg 200w, https:\/\/beatkom.pl\/wp-content\/uploads\/2026\/03\/bezumowy-768x1152.jpg 768w, https:\/\/beatkom.pl\/wp-content\/uploads\/2026\/03\/bezumowy.jpg 1024w\" sizes=\"auto, (max-width: 525px) 100vw, 525px\" \/><\/a><\/p>\n<p>Mo\u017cna u nas tak\u017ce po\u0142\u0105czy\u0107 us\u0142ug\u0119 dost\u0119pu do Internetu razem z TV cyfrow\u0105 dostarczana przez firm\u0119 AVIOS, aktualny wykaz kana\u0142\u00f3w mo\u017cna sprawdzi\u0107 na stronie <a href=\"https:\/\/avios.pl\/lista-kanalow\/\">www.avios.pl<\/a> <span style=\"color: #f10d0c;\"><span style=\"font-size: large;\"><b>\u00a0<\/b><\/span><\/span><\/p>\n<p>Od 2018 budujemy sie\u0107 \u015bwiat\u0142owodow\u0105 <a href=\"https:\/\/www.youtube.com\/watch?v=M44qP-r33JY\" target=\"_blank\" rel=\"noopener noreferrer\">FTTH\u00a0<\/a> opartej na urz\u0105dzeniach firmy Huawei w obszarze zabudowanym Czernikowa, na obecn\u0105 chwil\u0119 mamy gotow\u0105 instalacj\u0119 w blokach na <strong>Osiedlu Pod Lasem, ul. G\u00f3ry, Akacjowa, Owocowa (Osiedle Wi\u015bniowe)ul. Miko\u0142aja Reja, ul. G\u00f3ry, \u015awierkowa, cz\u0119\u015b\u0107 ul. Kwiatowej<\/strong> i budujemy sukcesywnie na kolejnych ulicach.<\/p>\n<p><strong>Oferta na dost\u0119p radiowy bez limit\u00f3w pobieranych i wysy\u0142anych danych:<\/strong><\/p>\n<p>brak limit\u00f3w przesy\u0142anych danych !!!<\/p>\n<p><a href=\"https:\/\/beatkom.pl\/?attachment_id=259\"><img loading=\"lazy\" decoding=\"async\" class=\"aligncenter wp-image-259 size-large\" src=\"https:\/\/beatkom.pl\/wp-content\/uploads\/2025\/01\/Beatkom_radio-722x1024.jpg\" alt=\"\" width=\"525\" height=\"745\" srcset=\"https:\/\/beatkom.pl\/wp-content\/uploads\/2025\/01\/Beatkom_radio-722x1024.jpg 722w, https:\/\/beatkom.pl\/wp-content\/uploads\/2025\/01\/Beatkom_radio-211x300.jpg 211w, https:\/\/beatkom.pl\/wp-content\/uploads\/2025\/01\/Beatkom_radio-768x1090.jpg 768w, https:\/\/beatkom.pl\/wp-content\/uploads\/2025\/01\/Beatkom_radio-1083x1536.jpg 1083w, https:\/\/beatkom.pl\/wp-content\/uploads\/2025\/01\/Beatkom_radio-1444x2048.jpg 1444w, https:\/\/beatkom.pl\/wp-content\/uploads\/2025\/01\/Beatkom_radio.jpg 1748w\" sizes=\"auto, (max-width: 525px) 100vw, 525px\" \/><\/a><\/p>\n<p>\u015awiadczymy us\u0142ugi dost\u0119pu do Internetu w gminie Czernikowo, Obrowo oraz cz\u0119\u015bciowo w gminie Kik\u00f3\u0142. Dostarczamy go drog\u0105 radiow\u0105 na urz\u0105dzeniach firmy <a href=\"https:\/\/www.cambiumnetworks.com\/pl\/\">CAMBIUM NETWORKS<\/a> w technologii 5GHz.<\/p>\n","protected":false},"excerpt":{"rendered":"<p>Oferta na dost\u0119p do Internetu \u015bwiat\u0142owodowego: Oferta specjalna na czas nieokre\u015blony: Mo\u017cna u nas tak\u017ce po\u0142\u0105czy\u0107 us\u0142ug\u0119 dost\u0119pu do Internetu razem z TV cyfrow\u0105 dostarczana przez firm\u0119 AVIOS, aktualny wykaz kana\u0142\u00f3w mo\u017cna sprawdzi\u0107 na stronie www.avios.pl \u00a0 Od 2018 budujemy sie\u0107 \u015bwiat\u0142owodow\u0105 FTTH\u00a0 opartej na urz\u0105dzeniach firmy Huawei w obszarze zabudowanym Czernikowa, na obecn\u0105 chwil\u0119 &hellip; <\/p>\n<p class=\"link-more\"><a href=\"https:\/\/beatkom.pl\/\" class=\"more-link\">Czytaj dalej<span class=\"screen-reader-text\"> \u201eInternet i telewizja cyfrowa\u201d<\/span><\/a><\/p>\n","protected":false},"author":1,"featured_media":0,"parent":0,"menu_order":0,"comment_status":"closed","ping_status":"closed","template":"","meta":{"footnotes":""},"class_list":["post-33","page","type-page","status-publish","hentry"],"yoast_head":"<!-- This site is optimized with the Yoast SEO plugin v27.4 - https:\/\/yoast.com\/product\/yoast-seo-wordpress\/ -->\n<title>Internet i telewizja cyfrowa - INTERNET - AUTOMATYKA - KLIMATYZACJA - POMPY CIEP\u0141A<\/title>\n<meta name=\"robots\" content=\"index, follow, max-snippet:-1, max-image-preview:large, max-video-preview:-1\" \/>\n<link rel=\"canonical\" href=\"https:\/\/beatkom.pl\/\" \/>\n<meta property=\"og:locale\" content=\"pl_PL\" \/>\n<meta property=\"og:type\" content=\"article\" \/>\n<meta property=\"og:title\" content=\"Internet i telewizja cyfrowa - INTERNET - AUTOMATYKA - KLIMATYZACJA - POMPY CIEP\u0141A\" \/>\n<meta property=\"og:description\" content=\"Oferta na dost\u0119p do Internetu \u015bwiat\u0142owodowego: Oferta specjalna na czas nieokre\u015blony: Mo\u017cna u nas tak\u017ce po\u0142\u0105czy\u0107 us\u0142ug\u0119 dost\u0119pu do Internetu razem z TV cyfrow\u0105 dostarczana przez firm\u0119 AVIOS, aktualny wykaz kana\u0142\u00f3w mo\u017cna sprawdzi\u0107 na stronie www.avios.pl \u00a0 Od 2018 budujemy sie\u0107 \u015bwiat\u0142owodow\u0105 FTTH\u00a0 opartej na urz\u0105dzeniach firmy Huawei w obszarze zabudowanym Czernikowa, na obecn\u0105 chwil\u0119 &hellip; Czytaj dalej \u201eInternet i telewizja cyfrowa\u201d\" \/>\n<meta property=\"og:url\" content=\"https:\/\/beatkom.pl\/\" \/>\n<meta property=\"og:site_name\" content=\"INTERNET - AUTOMATYKA - KLIMATYZACJA - POMPY CIEP\u0141A\" \/>\n<meta property=\"article:publisher\" content=\"https:\/\/www.facebook.com\/beatkom\/\" \/>\n<meta property=\"article:modified_time\" content=\"2026-03-01T19:02:24+00:00\" \/>\n<meta property=\"og:image\" content=\"https:\/\/beatkom.pl\/wp-content\/uploads\/2025\/01\/Beatkom_internet.jpg\" \/>\n\t<meta property=\"og:image:width\" content=\"1748\" \/>\n\t<meta property=\"og:image:height\" content=\"2480\" \/>\n\t<meta property=\"og:image:type\" content=\"image\/jpeg\" \/>\n<meta name=\"twitter:card\" content=\"summary_large_image\" \/>\n<meta name=\"twitter:label1\" content=\"Szacowany czas czytania\" \/>\n\t<meta name=\"twitter:data1\" content=\"2 minuty\" \/>\n<script type=\"application\/ld+json\" class=\"yoast-schema-graph\">{\"@context\":\"https:\\\/\\\/schema.org\",\"@graph\":[{\"@type\":\"WebPage\",\"@id\":\"https:\\\/\\\/beatkom.pl\\\/\",\"url\":\"https:\\\/\\\/beatkom.pl\\\/\",\"name\":\"Internet i telewizja cyfrowa - INTERNET - AUTOMATYKA - KLIMATYZACJA - POMPY CIEP\u0141A\",\"isPartOf\":{\"@id\":\"https:\\\/\\\/beatkom.pl\\\/#website\"},\"primaryImageOfPage\":{\"@id\":\"https:\\\/\\\/beatkom.pl\\\/#primaryimage\"},\"image\":{\"@id\":\"https:\\\/\\\/beatkom.pl\\\/#primaryimage\"},\"thumbnailUrl\":\"https:\\\/\\\/beatkom.pl\\\/wp-content\\\/uploads\\\/2025\\\/01\\\/Beatkom_internet-722x1024.jpg\",\"datePublished\":\"2018-05-16T12:40:45+00:00\",\"dateModified\":\"2026-03-01T19:02:24+00:00\",\"breadcrumb\":{\"@id\":\"https:\\\/\\\/beatkom.pl\\\/#breadcrumb\"},\"inLanguage\":\"pl-PL\",\"potentialAction\":[{\"@type\":\"ReadAction\",\"target\":[\"https:\\\/\\\/beatkom.pl\\\/\"]}]},{\"@type\":\"ImageObject\",\"inLanguage\":\"pl-PL\",\"@id\":\"https:\\\/\\\/beatkom.pl\\\/#primaryimage\",\"url\":\"https:\\\/\\\/beatkom.pl\\\/wp-content\\\/uploads\\\/2025\\\/01\\\/Beatkom_internet.jpg\",\"contentUrl\":\"https:\\\/\\\/beatkom.pl\\\/wp-content\\\/uploads\\\/2025\\\/01\\\/Beatkom_internet.jpg\",\"width\":1748,\"height\":2480},{\"@type\":\"BreadcrumbList\",\"@id\":\"https:\\\/\\\/beatkom.pl\\\/#breadcrumb\",\"itemListElement\":[{\"@type\":\"ListItem\",\"position\":1,\"name\":\"Strona g\u0142\u00f3wna\",\"item\":\"https:\\\/\\\/beatkom.pl\\\/\"},{\"@type\":\"ListItem\",\"position\":2,\"name\":\"Internet i telewizja cyfrowa\"}]},{\"@type\":\"WebSite\",\"@id\":\"https:\\\/\\\/beatkom.pl\\\/#website\",\"url\":\"https:\\\/\\\/beatkom.pl\\\/\",\"name\":\"INTERNET - AUTOMATYKA - KLIMATYZACJA - POMPY CIEP\u0141A\",\"description\":\"tel. 542-873-472; 502-424-272\",\"publisher\":{\"@id\":\"https:\\\/\\\/beatkom.pl\\\/#organization\"},\"potentialAction\":[{\"@type\":\"SearchAction\",\"target\":{\"@type\":\"EntryPoint\",\"urlTemplate\":\"https:\\\/\\\/beatkom.pl\\\/?s={search_term_string}\"},\"query-input\":{\"@type\":\"PropertyValueSpecification\",\"valueRequired\":true,\"valueName\":\"search_term_string\"}}],\"inLanguage\":\"pl-PL\"},{\"@type\":\"Organization\",\"@id\":\"https:\\\/\\\/beatkom.pl\\\/#organization\",\"name\":\"beatkom\",\"url\":\"https:\\\/\\\/beatkom.pl\\\/\",\"logo\":{\"@type\":\"ImageObject\",\"inLanguage\":\"pl-PL\",\"@id\":\"https:\\\/\\\/beatkom.pl\\\/#\\\/schema\\\/logo\\\/image\\\/\",\"url\":\"https:\\\/\\\/beatkom.pl\\\/wp-content\\\/uploads\\\/2018\\\/05\\\/beatkom_logo-1-e1526473632559.png\",\"contentUrl\":\"https:\\\/\\\/beatkom.pl\\\/wp-content\\\/uploads\\\/2018\\\/05\\\/beatkom_logo-1-e1526473632559.png\",\"width\":550,\"height\":108,\"caption\":\"beatkom\"},\"image\":{\"@id\":\"https:\\\/\\\/beatkom.pl\\\/#\\\/schema\\\/logo\\\/image\\\/\"},\"sameAs\":[\"https:\\\/\\\/www.facebook.com\\\/beatkom\\\/\",\"https:\\\/\\\/www.youtube.com\\\/user\\\/beatkom\"]}]}<\/script>\n<!-- \/ Yoast SEO plugin. -->","yoast_head_json":{"title":"Internet i telewizja cyfrowa - INTERNET - AUTOMATYKA - KLIMATYZACJA - POMPY CIEP\u0141A","robots":{"index":"index","follow":"follow","max-snippet":"max-snippet:-1","max-image-preview":"max-image-preview:large","max-video-preview":"max-video-preview:-1"},"canonical":"https:\/\/beatkom.pl\/","og_locale":"pl_PL","og_type":"article","og_title":"Internet i telewizja cyfrowa - INTERNET - AUTOMATYKA - KLIMATYZACJA - POMPY CIEP\u0141A","og_description":"Oferta na dost\u0119p do Internetu \u015bwiat\u0142owodowego: Oferta specjalna na czas nieokre\u015blony: Mo\u017cna u nas tak\u017ce po\u0142\u0105czy\u0107 us\u0142ug\u0119 dost\u0119pu do Internetu razem z TV cyfrow\u0105 dostarczana przez firm\u0119 AVIOS, aktualny wykaz kana\u0142\u00f3w mo\u017cna sprawdzi\u0107 na stronie www.avios.pl \u00a0 Od 2018 budujemy sie\u0107 \u015bwiat\u0142owodow\u0105 FTTH\u00a0 opartej na urz\u0105dzeniach firmy Huawei w obszarze zabudowanym Czernikowa, na obecn\u0105 chwil\u0119 &hellip; Czytaj dalej \u201eInternet i telewizja cyfrowa\u201d","og_url":"https:\/\/beatkom.pl\/","og_site_name":"INTERNET - AUTOMATYKA - KLIMATYZACJA - POMPY CIEP\u0141A","article_publisher":"https:\/\/www.facebook.com\/beatkom\/","article_modified_time":"2026-03-01T19:02:24+00:00","og_image":[{"width":1748,"height":2480,"url":"https:\/\/beatkom.pl\/wp-content\/uploads\/2025\/01\/Beatkom_internet.jpg","type":"image\/jpeg"}],"twitter_card":"summary_large_image","twitter_misc":{"Szacowany czas czytania":"2 minuty"},"schema":{"@context":"https:\/\/schema.org","@graph":[{"@type":"WebPage","@id":"https:\/\/beatkom.pl\/","url":"https:\/\/beatkom.pl\/","name":"Internet i telewizja cyfrowa - INTERNET - AUTOMATYKA - KLIMATYZACJA - POMPY CIEP\u0141A","isPartOf":{"@id":"https:\/\/beatkom.pl\/#website"},"primaryImageOfPage":{"@id":"https:\/\/beatkom.pl\/#primaryimage"},"image":{"@id":"https:\/\/beatkom.pl\/#primaryimage"},"thumbnailUrl":"https:\/\/beatkom.pl\/wp-content\/uploads\/2025\/01\/Beatkom_internet-722x1024.jpg","datePublished":"2018-05-16T12:40:45+00:00","dateModified":"2026-03-01T19:02:24+00:00","breadcrumb":{"@id":"https:\/\/beatkom.pl\/#breadcrumb"},"inLanguage":"pl-PL","potentialAction":[{"@type":"ReadAction","target":["https:\/\/beatkom.pl\/"]}]},{"@type":"ImageObject","inLanguage":"pl-PL","@id":"https:\/\/beatkom.pl\/#primaryimage","url":"https:\/\/beatkom.pl\/wp-content\/uploads\/2025\/01\/Beatkom_internet.jpg","contentUrl":"https:\/\/beatkom.pl\/wp-content\/uploads\/2025\/01\/Beatkom_internet.jpg","width":1748,"height":2480},{"@type":"BreadcrumbList","@id":"https:\/\/beatkom.pl\/#breadcrumb","itemListElement":[{"@type":"ListItem","position":1,"name":"Strona g\u0142\u00f3wna","item":"https:\/\/beatkom.pl\/"},{"@type":"ListItem","position":2,"name":"Internet i telewizja cyfrowa"}]},{"@type":"WebSite","@id":"https:\/\/beatkom.pl\/#website","url":"https:\/\/beatkom.pl\/","name":"INTERNET - AUTOMATYKA - KLIMATYZACJA - POMPY CIEP\u0141A","description":"tel. 542-873-472; 502-424-272","publisher":{"@id":"https:\/\/beatkom.pl\/#organization"},"potentialAction":[{"@type":"SearchAction","target":{"@type":"EntryPoint","urlTemplate":"https:\/\/beatkom.pl\/?s={search_term_string}"},"query-input":{"@type":"PropertyValueSpecification","valueRequired":true,"valueName":"search_term_string"}}],"inLanguage":"pl-PL"},{"@type":"Organization","@id":"https:\/\/beatkom.pl\/#organization","name":"beatkom","url":"https:\/\/beatkom.pl\/","logo":{"@type":"ImageObject","inLanguage":"pl-PL","@id":"https:\/\/beatkom.pl\/#\/schema\/logo\/image\/","url":"https:\/\/beatkom.pl\/wp-content\/uploads\/2018\/05\/beatkom_logo-1-e1526473632559.png","contentUrl":"https:\/\/beatkom.pl\/wp-content\/uploads\/2018\/05\/beatkom_logo-1-e1526473632559.png","width":550,"height":108,"caption":"beatkom"},"image":{"@id":"https:\/\/beatkom.pl\/#\/schema\/logo\/image\/"},"sameAs":["https:\/\/www.facebook.com\/beatkom\/","https:\/\/www.youtube.com\/user\/beatkom"]}]}},"_links":{"self":[{"href":"https:\/\/beatkom.pl\/index.php?rest_route=\/wp\/v2\/pages\/33","targetHints":{"allow":["GET"]}}],"collection":[{"href":"https:\/\/beatkom.pl\/index.php?rest_route=\/wp\/v2\/pages"}],"about":[{"href":"https:\/\/beatkom.pl\/index.php?rest_route=\/wp\/v2\/types\/page"}],"author":[{"embeddable":true,"href":"https:\/\/beatkom.pl\/index.php?rest_route=\/wp\/v2\/users\/1"}],"replies":[{"embeddable":true,"href":"https:\/\/beatkom.pl\/index.php?rest_route=%2Fwp%2Fv2%2Fcomments&post=33"}],"version-history":[{"count":36,"href":"https:\/\/beatkom.pl\/index.php?rest_route=\/wp\/v2\/pages\/33\/revisions"}],"predecessor-version":[{"id":284,"href":"https:\/\/beatkom.pl\/index.php?rest_route=\/wp\/v2\/pages\/33\/revisions\/284"}],"wp:attachment":[{"href":"https:\/\/beatkom.pl\/index.php?rest_route=%2Fwp%2Fv2%2Fmedia&parent=33"}],"curies":[{"name":"wp","href":"https:\/\/api.w.org\/{rel}","templated":true}]}}