{"id":111,"date":"2018-07-29T20:58:01","date_gmt":"2018-07-29T18:58:01","guid":{"rendered":"https:\/\/beatkom.pl\/?page_id=111"},"modified":"2024-05-12T21:24:57","modified_gmt":"2024-05-12T19:24:57","slug":"automatyka-do-bram","status":"publish","type":"page","link":"https:\/\/beatkom.pl\/?page_id=111","title":{"rendered":"Automatyka do bram"},"content":{"rendered":"<p>Zajmujemy si\u0119 sprzeda\u017c\u0105 i monta\u017cem oraz serwisem automatyki do bram wjazdowych i gara\u017cowych oraz szlaban\u00f3w. Posiadamy w ofercie nap\u0119dy takich marek jak \u00a0<a href=\"https:\/\/www.bft-automation.com\/pl_PL\/\" target=\"_blank\" rel=\"noopener\">BFT,<\/a> <a href=\"http:\/\/www.came.com\/pl\/\" target=\"_blank\" rel=\"noopener\">CAME, PROXIMA<\/a>. Posiadamy wieloletnie do\u015bwiadczenie w monta\u017cu tego typu urz\u0105dz\u0119\u0144. Mo\u017cna sprawdzi\u0107 nasze niekt\u00f3re certyfikaty <a href=\"https:\/\/www.facebook.com\/pg\/beatkom\/photos\/?tab=album&amp;album_id=686558654809635\" target=\"_blank\" rel=\"noopener\">https:\/\/www.facebook.com\/pg\/beatkom\/photos\/?tab=album&amp;album_id=686558654809635<\/a><br \/>\nFilmy z monta\u017cy mo\u017cna zobaczy\u0107 na naszym kanale\u00a0 <a href=\"https:\/\/www.youtube.com\/user\/beatkom\" target=\"_blank\" rel=\"noopener\">youtube.com<\/a><\/p>\n","protected":false},"excerpt":{"rendered":"<p>Zajmujemy si\u0119 sprzeda\u017c\u0105 i monta\u017cem oraz serwisem automatyki do bram wjazdowych i gara\u017cowych oraz szlaban\u00f3w. Posiadamy w ofercie nap\u0119dy takich marek jak \u00a0BFT, CAME, PROXIMA. Posiadamy wieloletnie do\u015bwiadczenie w monta\u017cu tego typu urz\u0105dz\u0119\u0144. Mo\u017cna sprawdzi\u0107 nasze niekt\u00f3re certyfikaty https:\/\/www.facebook.com\/pg\/beatkom\/photos\/?tab=album&amp;album_id=686558654809635 Filmy z monta\u017cy mo\u017cna zobaczy\u0107 na naszym kanale\u00a0 youtube.com<\/p>\n","protected":false},"author":1,"featured_media":83,"parent":0,"menu_order":0,"comment_status":"closed","ping_status":"closed","template":"","meta":{"footnotes":""},"class_list":["post-111","page","type-page","status-publish","has-post-thumbnail","hentry"],"yoast_head":"<!-- This site is optimized with the Yoast SEO plugin v27.4 - https:\/\/yoast.com\/product\/yoast-seo-wordpress\/ -->\n<title>Automatyka do bram - INTERNET - AUTOMATYKA - KLIMATYZACJA - POMPY CIEP\u0141A<\/title>\n<meta name=\"robots\" content=\"index, follow, max-snippet:-1, max-image-preview:large, max-video-preview:-1\" \/>\n<link rel=\"canonical\" href=\"https:\/\/beatkom.pl\/?page_id=111\" \/>\n<meta property=\"og:locale\" content=\"pl_PL\" \/>\n<meta property=\"og:type\" content=\"article\" \/>\n<meta property=\"og:title\" content=\"Automatyka do bram - INTERNET - AUTOMATYKA - KLIMATYZACJA - POMPY CIEP\u0141A\" \/>\n<meta property=\"og:description\" content=\"Zajmujemy si\u0119 sprzeda\u017c\u0105 i monta\u017cem oraz serwisem automatyki do bram wjazdowych i gara\u017cowych oraz szlaban\u00f3w. Posiadamy w ofercie nap\u0119dy takich marek jak \u00a0BFT, CAME, PROXIMA. Posiadamy wieloletnie do\u015bwiadczenie w monta\u017cu tego typu urz\u0105dz\u0119\u0144. Mo\u017cna sprawdzi\u0107 nasze niekt\u00f3re certyfikaty https:\/\/www.facebook.com\/pg\/beatkom\/photos\/?tab=album&amp;album_id=686558654809635 Filmy z monta\u017cy mo\u017cna zobaczy\u0107 na naszym kanale\u00a0 youtube.com\" \/>\n<meta property=\"og:url\" content=\"https:\/\/beatkom.pl\/?page_id=111\" \/>\n<meta property=\"og:site_name\" content=\"INTERNET - AUTOMATYKA - KLIMATYZACJA - POMPY CIEP\u0141A\" \/>\n<meta property=\"article:publisher\" content=\"https:\/\/www.facebook.com\/beatkom\/\" \/>\n<meta property=\"article:modified_time\" content=\"2024-05-12T19:24:57+00:00\" \/>\n<meta property=\"og:image\" content=\"https:\/\/beatkom.pl\/wp-content\/uploads\/2018\/07\/Najlepsze-nap\u0119dy-do-bram.jpg\" \/>\n\t<meta property=\"og:image:width\" content=\"1600\" \/>\n\t<meta property=\"og:image:height\" content=\"1067\" \/>\n\t<meta property=\"og:image:type\" content=\"image\/jpeg\" \/>\n<meta name=\"twitter:card\" content=\"summary_large_image\" \/>\n<meta name=\"twitter:label1\" content=\"Szacowany czas czytania\" \/>\n\t<meta name=\"twitter:data1\" content=\"1 minuta\" \/>\n<script type=\"application\/ld+json\" class=\"yoast-schema-graph\">{\"@context\":\"https:\\\/\\\/schema.org\",\"@graph\":[{\"@type\":\"WebPage\",\"@id\":\"https:\\\/\\\/beatkom.pl\\\/?page_id=111\",\"url\":\"https:\\\/\\\/beatkom.pl\\\/?page_id=111\",\"name\":\"Automatyka do bram - INTERNET - AUTOMATYKA - KLIMATYZACJA - POMPY CIEP\u0141A\",\"isPartOf\":{\"@id\":\"https:\\\/\\\/beatkom.pl\\\/#website\"},\"primaryImageOfPage\":{\"@id\":\"https:\\\/\\\/beatkom.pl\\\/?page_id=111#primaryimage\"},\"image\":{\"@id\":\"https:\\\/\\\/beatkom.pl\\\/?page_id=111#primaryimage\"},\"thumbnailUrl\":\"https:\\\/\\\/beatkom.pl\\\/wp-content\\\/uploads\\\/2018\\\/07\\\/Najlepsze-nap\u0119dy-do-bram.jpg\",\"datePublished\":\"2018-07-29T18:58:01+00:00\",\"dateModified\":\"2024-05-12T19:24:57+00:00\",\"breadcrumb\":{\"@id\":\"https:\\\/\\\/beatkom.pl\\\/?page_id=111#breadcrumb\"},\"inLanguage\":\"pl-PL\",\"potentialAction\":[{\"@type\":\"ReadAction\",\"target\":[\"https:\\\/\\\/beatkom.pl\\\/?page_id=111\"]}]},{\"@type\":\"ImageObject\",\"inLanguage\":\"pl-PL\",\"@id\":\"https:\\\/\\\/beatkom.pl\\\/?page_id=111#primaryimage\",\"url\":\"https:\\\/\\\/beatkom.pl\\\/wp-content\\\/uploads\\\/2018\\\/07\\\/Najlepsze-nap\u0119dy-do-bram.jpg\",\"contentUrl\":\"https:\\\/\\\/beatkom.pl\\\/wp-content\\\/uploads\\\/2018\\\/07\\\/Najlepsze-nap\u0119dy-do-bram.jpg\",\"width\":1600,\"height\":1067},{\"@type\":\"BreadcrumbList\",\"@id\":\"https:\\\/\\\/beatkom.pl\\\/?page_id=111#breadcrumb\",\"itemListElement\":[{\"@type\":\"ListItem\",\"position\":1,\"name\":\"Strona g\u0142\u00f3wna\",\"item\":\"https:\\\/\\\/beatkom.pl\\\/\"},{\"@type\":\"ListItem\",\"position\":2,\"name\":\"Automatyka do bram\"}]},{\"@type\":\"WebSite\",\"@id\":\"https:\\\/\\\/beatkom.pl\\\/#website\",\"url\":\"https:\\\/\\\/beatkom.pl\\\/\",\"name\":\"INTERNET - AUTOMATYKA - KLIMATYZACJA - POMPY CIEP\u0141A\",\"description\":\"tel. 542-873-472; 502-424-272\",\"publisher\":{\"@id\":\"https:\\\/\\\/beatkom.pl\\\/#organization\"},\"potentialAction\":[{\"@type\":\"SearchAction\",\"target\":{\"@type\":\"EntryPoint\",\"urlTemplate\":\"https:\\\/\\\/beatkom.pl\\\/?s={search_term_string}\"},\"query-input\":{\"@type\":\"PropertyValueSpecification\",\"valueRequired\":true,\"valueName\":\"search_term_string\"}}],\"inLanguage\":\"pl-PL\"},{\"@type\":\"Organization\",\"@id\":\"https:\\\/\\\/beatkom.pl\\\/#organization\",\"name\":\"beatkom\",\"url\":\"https:\\\/\\\/beatkom.pl\\\/\",\"logo\":{\"@type\":\"ImageObject\",\"inLanguage\":\"pl-PL\",\"@id\":\"https:\\\/\\\/beatkom.pl\\\/#\\\/schema\\\/logo\\\/image\\\/\",\"url\":\"https:\\\/\\\/beatkom.pl\\\/wp-content\\\/uploads\\\/2018\\\/05\\\/beatkom_logo-1-e1526473632559.png\",\"contentUrl\":\"https:\\\/\\\/beatkom.pl\\\/wp-content\\\/uploads\\\/2018\\\/05\\\/beatkom_logo-1-e1526473632559.png\",\"width\":550,\"height\":108,\"caption\":\"beatkom\"},\"image\":{\"@id\":\"https:\\\/\\\/beatkom.pl\\\/#\\\/schema\\\/logo\\\/image\\\/\"},\"sameAs\":[\"https:\\\/\\\/www.facebook.com\\\/beatkom\\\/\",\"https:\\\/\\\/www.youtube.com\\\/user\\\/beatkom\"]}]}<\/script>\n<!-- \/ Yoast SEO plugin. -->","yoast_head_json":{"title":"Automatyka do bram - INTERNET - AUTOMATYKA - KLIMATYZACJA - POMPY CIEP\u0141A","robots":{"index":"index","follow":"follow","max-snippet":"max-snippet:-1","max-image-preview":"max-image-preview:large","max-video-preview":"max-video-preview:-1"},"canonical":"https:\/\/beatkom.pl\/?page_id=111","og_locale":"pl_PL","og_type":"article","og_title":"Automatyka do bram - INTERNET - AUTOMATYKA - KLIMATYZACJA - POMPY CIEP\u0141A","og_description":"Zajmujemy si\u0119 sprzeda\u017c\u0105 i monta\u017cem oraz serwisem automatyki do bram wjazdowych i gara\u017cowych oraz szlaban\u00f3w. Posiadamy w ofercie nap\u0119dy takich marek jak \u00a0BFT, CAME, PROXIMA. Posiadamy wieloletnie do\u015bwiadczenie w monta\u017cu tego typu urz\u0105dz\u0119\u0144. Mo\u017cna sprawdzi\u0107 nasze niekt\u00f3re certyfikaty https:\/\/www.facebook.com\/pg\/beatkom\/photos\/?tab=album&amp;album_id=686558654809635 Filmy z monta\u017cy mo\u017cna zobaczy\u0107 na naszym kanale\u00a0 youtube.com","og_url":"https:\/\/beatkom.pl\/?page_id=111","og_site_name":"INTERNET - AUTOMATYKA - KLIMATYZACJA - POMPY CIEP\u0141A","article_publisher":"https:\/\/www.facebook.com\/beatkom\/","article_modified_time":"2024-05-12T19:24:57+00:00","og_image":[{"width":1600,"height":1067,"url":"https:\/\/beatkom.pl\/wp-content\/uploads\/2018\/07\/Najlepsze-nap\u0119dy-do-bram.jpg","type":"image\/jpeg"}],"twitter_card":"summary_large_image","twitter_misc":{"Szacowany czas czytania":"1 minuta"},"schema":{"@context":"https:\/\/schema.org","@graph":[{"@type":"WebPage","@id":"https:\/\/beatkom.pl\/?page_id=111","url":"https:\/\/beatkom.pl\/?page_id=111","name":"Automatyka do bram - INTERNET - AUTOMATYKA - KLIMATYZACJA - POMPY CIEP\u0141A","isPartOf":{"@id":"https:\/\/beatkom.pl\/#website"},"primaryImageOfPage":{"@id":"https:\/\/beatkom.pl\/?page_id=111#primaryimage"},"image":{"@id":"https:\/\/beatkom.pl\/?page_id=111#primaryimage"},"thumbnailUrl":"https:\/\/beatkom.pl\/wp-content\/uploads\/2018\/07\/Najlepsze-nap\u0119dy-do-bram.jpg","datePublished":"2018-07-29T18:58:01+00:00","dateModified":"2024-05-12T19:24:57+00:00","breadcrumb":{"@id":"https:\/\/beatkom.pl\/?page_id=111#breadcrumb"},"inLanguage":"pl-PL","potentialAction":[{"@type":"ReadAction","target":["https:\/\/beatkom.pl\/?page_id=111"]}]},{"@type":"ImageObject","inLanguage":"pl-PL","@id":"https:\/\/beatkom.pl\/?page_id=111#primaryimage","url":"https:\/\/beatkom.pl\/wp-content\/uploads\/2018\/07\/Najlepsze-nap\u0119dy-do-bram.jpg","contentUrl":"https:\/\/beatkom.pl\/wp-content\/uploads\/2018\/07\/Najlepsze-nap\u0119dy-do-bram.jpg","width":1600,"height":1067},{"@type":"BreadcrumbList","@id":"https:\/\/beatkom.pl\/?page_id=111#breadcrumb","itemListElement":[{"@type":"ListItem","position":1,"name":"Strona g\u0142\u00f3wna","item":"https:\/\/beatkom.pl\/"},{"@type":"ListItem","position":2,"name":"Automatyka do bram"}]},{"@type":"WebSite","@id":"https:\/\/beatkom.pl\/#website","url":"https:\/\/beatkom.pl\/","name":"INTERNET - AUTOMATYKA - KLIMATYZACJA - POMPY CIEP\u0141A","description":"tel. 542-873-472; 502-424-272","publisher":{"@id":"https:\/\/beatkom.pl\/#organization"},"potentialAction":[{"@type":"SearchAction","target":{"@type":"EntryPoint","urlTemplate":"https:\/\/beatkom.pl\/?s={search_term_string}"},"query-input":{"@type":"PropertyValueSpecification","valueRequired":true,"valueName":"search_term_string"}}],"inLanguage":"pl-PL"},{"@type":"Organization","@id":"https:\/\/beatkom.pl\/#organization","name":"beatkom","url":"https:\/\/beatkom.pl\/","logo":{"@type":"ImageObject","inLanguage":"pl-PL","@id":"https:\/\/beatkom.pl\/#\/schema\/logo\/image\/","url":"https:\/\/beatkom.pl\/wp-content\/uploads\/2018\/05\/beatkom_logo-1-e1526473632559.png","contentUrl":"https:\/\/beatkom.pl\/wp-content\/uploads\/2018\/05\/beatkom_logo-1-e1526473632559.png","width":550,"height":108,"caption":"beatkom"},"image":{"@id":"https:\/\/beatkom.pl\/#\/schema\/logo\/image\/"},"sameAs":["https:\/\/www.facebook.com\/beatkom\/","https:\/\/www.youtube.com\/user\/beatkom"]}]}},"_links":{"self":[{"href":"https:\/\/beatkom.pl\/index.php?rest_route=\/wp\/v2\/pages\/111","targetHints":{"allow":["GET"]}}],"collection":[{"href":"https:\/\/beatkom.pl\/index.php?rest_route=\/wp\/v2\/pages"}],"about":[{"href":"https:\/\/beatkom.pl\/index.php?rest_route=\/wp\/v2\/types\/page"}],"author":[{"embeddable":true,"href":"https:\/\/beatkom.pl\/index.php?rest_route=\/wp\/v2\/users\/1"}],"replies":[{"embeddable":true,"href":"https:\/\/beatkom.pl\/index.php?rest_route=%2Fwp%2Fv2%2Fcomments&post=111"}],"version-history":[{"count":6,"href":"https:\/\/beatkom.pl\/index.php?rest_route=\/wp\/v2\/pages\/111\/revisions"}],"predecessor-version":[{"id":221,"href":"https:\/\/beatkom.pl\/index.php?rest_route=\/wp\/v2\/pages\/111\/revisions\/221"}],"wp:featuredmedia":[{"embeddable":true,"href":"https:\/\/beatkom.pl\/index.php?rest_route=\/wp\/v2\/media\/83"}],"wp:attachment":[{"href":"https:\/\/beatkom.pl\/index.php?rest_route=%2Fwp%2Fv2%2Fmedia&parent=111"}],"curies":[{"name":"wp","href":"https:\/\/api.w.org\/{rel}","templated":true}]}}